st common divisor of 71820 and 112.
28
Calculate the highest common divisor of 414 and 121762.
46
Calculate the greatest common divisor of 1325 and 5175.
25
Calculate the greatest common factor of 76 and 12064.
4
Calculate the greatest common divisor of 9617 and 649.
59
What is the greatest common factor of 121952 and 17716?
412
Calculate the highest common factor of 54 and 3328020.
54
Calculate the highest common divisor of 176 and 255152.
16
Calculate the highest common divisor of 4009 and 5486.
211
What is the highest common divisor of 33338 and 1106?
158
What is the highest common divisor of 1292 and 5491?
323
What is the greatest common factor of 3741 and 1376?
43
Calculate the greatest common divisor of 7456 and 4320.
32
What is the highest common divisor of 945 and 1061865?
315
Calculate the highest common factor of 1413819 and 99.
99
What is the highest common divisor of 1266 and 1032?
6
Calculate the highest common divisor of 350 and 12306.
14
What is the greatest common divisor of 3117153 and 52?
13
Calculate the greatest common factor of 189648 and 162.
54
What is the greatest common divisor of 71546 and 30601?
431
What is the highest common factor of 3024 and 11232?
432
What is the greatest common divisor of 1024 and 72448?
256
Calculate the greatest common factor of 13653 and 11655.
333
What is the highest common factor of 63 and 15777?
9
What is the greatest common divisor of 98 and 33750?
2
What is the greatest common divisor of 277580 and 25?
5
What is the highest common divisor of 143877 and 2388?
597
What is the greatest common divisor of 16884 and 900?
36
Calculate the greatest common factor of 22 and 457633.
11
What is the highest common factor of 15568 and 4016?
16
Calculate the greatest common divisor of 198 and 9324.
18
Calculate the highest common factor of 145 and 36221.
29
Calculate the highest common divisor of 45911 and 124.
31
What is the greatest common factor of 1395 and 188015?
155
What is the greatest common factor of 230 and 4697750?
230
What is the greatest common divisor of 315927 and 27?
27
Calculate the highest common divisor of 1 and 8747.
1
What is the highest common factor of 5 and 10655?
5
What is the greatest common factor of 3272516 and 309?
103
Calculate the highest common divisor of 974240 and 160.
160
Calculate the greatest common divisor of 532 and 148884.
76
Calculate the highest common factor of 3088189 and 403.
403
Calculate the greatest common divisor of 22344 and 1204.
28
Calculate the highest common factor of 155 and 960.
5
Calculate the highest common factor of 71864 and 536.
8
Calculate the highest common divisor of 88624 and 16.
16
Calculate the greatest common factor of 6 and 41694.
6
What is the highest common factor of 115 and 41285?
115
Calculate the highest common divisor of 161 and 684388.
23
Calculate the highest common divisor of 3685 and 223575.
55
Calculate the highest common factor of 416 and 28366.
26
Calculate the greatest common divisor of 1012 and 1502.
2
Calculate the highest common factor of 2730 and 1330.
70
Calculate the greatest common factor of 1379 and 5999.
7
What is the greatest common factor of 3810 and 235?
5
Calculate the highest common factor of 47560 and 200.
40
What is the greatest common divisor of 1129375 and 250?
125
What is the highest common factor of 337 and 11531466?
337
What is the highest common divisor of 170 and 15062?
34
Calculate the greatest common divisor of 3722147 and 22.
11
What is the highest common divisor of 44899 and 944?
59
What is the greatest common divisor of 213 and 69793?
71
What is the greatest common factor of 1435 and 19495?
35
What is the greatest common divisor of 4578 and 74120?
218
What is the highest common divisor of 4368 and 45084?
156
What is the highest common divisor of 25050 and 300?
150
What is the greatest common divisor of 740179 and 297?
11
Calculate the greatest common divisor of 2281089 and 249.
249
What is the highest common factor of 13952124 and 12?
12
What is the highest common divisor of 32100 and 4500?
300
What is the greatest common divisor of 204 and 14552?
68
Calculate the greatest common factor of 186 and 5416692.
186
What is the highest common divisor of 307671 and 42?
21
What is the greatest common divisor of 4504 and 184?
8
What is the greatest common factor of 43 and 40291?
43
Calculate the greatest common divisor of 71796 and 24.
12
Calculate the greatest common factor of 108 and 29772.
36
Calculate the highest common factor of 3552 and 4848.
48
Calculate the greatest common factor of 42 and 156093.
21
What is the greatest common factor of 602 and 45094?
14
Calculate the greatest common divisor of 2260 and 830.
10
Calculate the greatest common divisor of 398626 and 2.
2
What is the greatest common divisor of 355374 and 108?
54
What is the greatest common factor of 170 and 3779474?
34
Calculate the greatest common factor of 7120 and 1250.
10
What is the greatest common divisor of 160 and 72950?
10
Calculate the highest common divisor of 54809 and 69.
23
Calculate the greatest common divisor of 324 and 52056.
108
Calculate the greatest common factor of 370 and 55796.
74
Calculate the greatest common divisor of 11097 and 207.
9
Calculate the highest common factor of 91964 and 1992.
332
What is the greatest common divisor of 576 and 4509504?
576
What is the greatest common factor of 140217 and 2233?
77
Calculate the highest common divisor of 12412 and 174.
58
What is the greatest common divisor of 1605 and 519?
3
Calculate the greatest common factor of 3290 and 4277.
329
What is the highest common factor of 240128 and 16352?
224
What is the greatest common divisor of 6800 and 4860?
20
What is the greatest common divisor of 464 and 18192?
16
What is the highest common factor of 42107 and 41?
41
What is the highest common divisor of 705 and 1880?
235
Calculate the highest common factor of 38675 and 238.
119
What is the greatest common factor of 192 and 3768?
24
What is the highest common factor of 139750 and 4160?
130
What is the greatest common divisor of 16844751 and 763?
763
Calculate the highest common divisor of 42 and 398517.
21
What is the highest common factor of 1972 and 289?
17
Calculate the greatest common divisor of 306 and 248634.
18
What is the highest common divisor of 1265 and 15455?
55
What is the greatest common divisor of 2567 and 4522?
17
Calculate the highest common divisor of 87023 and 374.
17
What is the highest common factor of 3054060 and 2736?
684
What is the highest common factor of 27 and 17469?
27
What is the highest common factor of 15 and 6952485?
15
Calculate the highest common factor of 42 and 3689.
7
Calculate the highest common factor of 3376 and 5697.
211
What is the highest common divisor of 8970 and 149730?
690
What is the highest common divisor of 4978 and 342?
38
What is the greatest common factor of 483 and 65688?
483
Calculate the highest common factor of 636 and 46269.
159
What is the greatest common factor of 26977 and 265?
53
What is the greatest common factor of 856 and 2707528?
856
Calculate the greatest common divisor of 5400 and 66050.
50
What is the highest common factor of 756 and 85806?
378
What is the highest common factor of 903601 and 23?
23
Calculate the highest common factor of 132 and 2712.
12
Calculate the highest common factor of 9040 and 65.
5
Calculate the highest common factor of 90 and 580680.
90
Calculate the highest common divisor of 50012 and 4.
4
What is the greatest common factor of 639 and 1404?
9
Calculate the greatest common factor of 620 and 135005.
155
What is the highest common divisor of 2655 and 29559?
177
Calculate the highest common factor of 47879 and 39.
13
Calculate the greatest common factor of 33 and 13669293.
33
Calculate the highest common factor of 5506017 and 66.
33
Calculate the highest common factor of 6149 and 44.
11
Calculate the highest common divisor of 844775 and 125.
25
Calculate the greatest common divisor of 2588 and 8132.
4
What is the highest common divisor of 1050 and 36450?
150
Calculate the highest common divisor of 12677 and 740699.
1811
What is the greatest common factor of 43920 and 122?
122
Calculate the highest common divisor of 62 and 5301.
31
Calculate the greatest common factor of 3232 an